*o = w. What is the tens digit of o?
3
Let p be ((-12)/(-8))/((-7)/14). What is the units digit of (6 - p)*(-1028)/(-12)?
1
Let z be ((-6)/(-33) - (-6)/(-33))*1. Suppose z = 4*d - 5*k - 2674, -d - k = 3*k - 658. Suppose d = 7*n - 391. What is the tens digit of n?
5
Suppose -i - 6*p = -3*p + 3, 27 = 2*i - 5*p. Let q(o) = 5*o - 23. Let w be q(i). Let s(a) = 7*a - 20. What is the tens digit of s(w)?
2
Let n be 0/7*2/(-4). Suppose 2*g - f = -n*g + 221, 555 = 5*g - 5*f. Let o = g + -10. What is the hundreds digit of o?
1
What is the tens digit of 74396/70*(-60)/(-12)?
1
Suppose -452 + 398 = 3*k. What is the hundreds digit of ((-3)/k*2)/((-2)/(-5298))?
8
Suppose -27*r = -34*r + 84217. What is the thousands digit of r?
2
Let v(d) = 127*d**2 + 127*d**2 - 378*d**2 + 131*d**2 + 1 + 57*d. What is the hundreds digit of v(5)?
4
Suppose -42163 = -s - 4*j - 0*j, s - 2*j - 42181 = 0. What is the thousands digit of s?
2
Let t = -1367 + 1371. Let o = 6 + -3. Suppose -t = -o*a + 2. What is the units digit of a?
2
Suppose -101*x = -119*x + 1066518. What is the hundreds digit of x?
2
Let c be (-4 - -1)/(186/(-129332)). Suppose -k + 688 = -5*x + 3*x, 5*x = -3*k + c. What is the units digit of k?
2
Let q be 1216/(-24)*(-12)/(-8). What is the tens digit of 6*q/(-8 - -7)?
5
Let k be 1246/6 - (-1)/3. Suppose -152 = 66*j - 806 - 204. Suppose 0 = -j*w - 0 + k. What is the units digit of w?
6
Let y(o) = 3*o + 2. Let u be y(0). Suppose 2*b - 3*v + 136 = -u*b, -5*v - 168 = 4*b. Let c = b + 47. What is the units digit of c?
0
Let x be 4 - (0 + 21)*-13. Suppose -3*c = -r - 946, 2*r = -5*c + 1318 + x. What is the units digit of c?
7
Suppose 33*i = -3*g + 31*i + 33825, 5*i = 0. What is the units digit of g?
5
Suppose 18*p - 3*p = 45. Suppose 0 = 5*b + 4*c - 432, -p*b + 156 + 87 = -3*c. What is the units digit of b?
4
Let r = -110113 - -202966. What is the ten thousands digit of r?
9
Suppose 86*r + 29963210 = 769*r. What is the ten thousands digit of r?
4
Let l(c) = -44*c**3 - 40*c**2 - 41*c + 17. What is the hundreds digit of l(-9)?
2
Let c = 338 - -4244. What is the tens digit of c?
8
Suppose 1 - 33 = 5*b + 3*q, 2*b + 2*q = -16. What is the thousands digit of (-508)/2*(-5 + -3 - b)?
1
Let u = 209 + -214. Let a(c) = c**3 + 12*c**2 + 17*c - 2. What is the units digit of a(u)?
8
Let o be (-1)/(-4) - 84/(-48). Suppose y + o*y = 366. Suppose 4*k = 2*r - 358 + y, 4*k - 532 = -4*r. What is the tens digit of r?
2
Let z(k) = 35*k + 20*k - 24*k. Let w be z(6). Suppose s - 4*c - w = 0, 0 = -0*s - 2*s - 3*c + 427. What is the hundreds digit of s?
2
Suppose -739 - 405 = 11*r. Let v = r - -297. What is the tens digit of v?
9
Suppose -4*z - j + 4 + 11 = 0, -j = 1. Let y be z/42 - 8816/399. Let x(h) = h**3 + 22*h**2 - 14*h - 25. What is the tens digit of x(y)?
8
Let i = 106 + -40. Suppose -60*v - 4014 = -i*v. What is the units digit of v?
9
Let q(j) = -216*j**3 + 7*j**2 + 36*j + 16. What is the units digit of q(-3)?
3
Let q(u) = -18356*u - 44. What is the hundreds digit of q(-1)?
3
Suppose q = 3*t + 30901, 3*q - 28*t - 92691 = -23*t. What is the ten thousands digit of q?
3
Suppose -8*t + 85 = -3*t. Let d = 102 - t. What is the units digit of d?
5
Let r be (8/10)/((-4)/(-170)). Suppose -35 - r = -f. Suppose -15*q + 18*q - f = 0. What is the tens digit of q?
2
Suppose 15*h - 13*h - 10 = 0. Suppose 2782 = 2*o - 4*v, 5*o - h*v - 6988 = -6*v. What is the tens digit of o?
9
Let z be 442/(-6) - (-11)/(-33). Let o = 252 + z. Let u = -93 + o. What is the units digit of u?
5
Suppose 8*m - 8 = 16*m. What is the units digit of 5 + m + 6/12*802?
5
Let c(v) = 7*v**2 - 12*v + 42. Let z(l) = -l**2 + 1. Let t(s) = c(s) + 2*z(s). What is the hundreds digit of t(-10)?
6
Let l be (-10)/15*6 + 6. Suppose 74 - 397 = -w - 2*r, 3*w - l*r = 1001. What is the units digit of w?
1
Let b(o) = -14*o**2 - 137*o - 59. Let l(p) = 7*p**2 + 69*p + 30. Let h(i) = 3*b(i) + 7*l(i). What is the hundreds digit of h(-14)?
3
Suppose 17340 = 35*u - 7685. What is the hundreds digit of u?
7
Suppose -76*a + 1670603 + 1305201 = 102*a. What is the thousands digit of a?
6
Suppose 0*r + 5*r = -10, -r + 39562 = 4*d. What is the units digit of d?
1
Suppose 0 = -4*f + g + 12, 19*f + 4*g = 14*f + 36. Let t(o) = 2*o**3 - 3*o**2 - 4*o - 7. Let h be t(4). Suppose -f = h*s - 59*s. What is the units digit of s?
2
Let r = 7205 + -4000. What is the units digit of r?
5
Let k = -104119 + 152504. What is the thousands digit of k?
8
Let d(l) = 98*l - 376. What is the units digit of d(55)?
4
Let y(d) be the third derivative of -7*d**6/120 - d**5/30 - 7*d**4/12 - 23*d**3/6 - 50*d**2 - 3*d. What is the units digit of y(-2)?
3
Suppose 75*s - 76*s + 399 = 0. Suppose 1 = n - 1. Suppose 0 = 5*a - n*l - s, 0*l - 15 = -5*l. What is the tens digit of a?
8
Let g = -12141 + 18120. What is the units digit of g?
9
Suppose 4*m - 2960 = -b, -5*m + 3711 = -0*m + 4*b. Suppose 2*n - m = 175. What is the units digit of n?
7
Let a(x) = 18*x + 1475. What is the tens digit of a(-35)?
4
Suppose q = -5*g + 2*q + 202, -g - 5*q = -30. Suppose g*u - 12*u - 8540 = 0. What is the hundreds digit of u?
3
Let i be (-5 - 484)*2/(-3). Suppose -5*v + 124 = -i. Let m = 164 - v. What is the units digit of m?
4
Suppose 2*f - 4*f + 1188 = -4*x, 5*x + 1779 = 3*f. What is the units digit of f?
8
Suppose 0 = -297*b + 8360110 + 16087445. What is the tens digit of b?
1
Let t = -35184 + 58820. What is the tens digit of t?
3
Suppose -20*j = -8*j - 4512. Suppose o - j = -i, 396 = i - 5*o + o. What is the tens digit of i?
8
Let x be ((-5)/10)/((-2)/20). Suppose -4*s + 3*s = -r - 3, x*s - 2*r - 15 = 0. Suppose 2*m + s*n - 71 = -15, -4*m = 3*n - 124. What is the tens digit of m?
3
Let o = -41 + 38. Let j be -3*(-3 - 4/o). Suppose -4*s + a - j*a = -180, -5*s - 4*a + 221 = 0. What is the tens digit of s?
4
Suppose 13*n - 26*n + 260 = 0. Suppose -2*c + 1156 = 3*u, -2*c + n = 2*c. What is the units digit of u?
2
Let b(g) = g**3 - 32*g**2 + 24*g + 219. Let w be b(31). What is the units digit of (-124)/6*-96 - (-7 + w)?
9
What is the units digit of 23844/72*(12 + -6)?
7
Suppose -6*q - 4*s = -3*q - 36, -s = -4*q + 29. Suppose 23 = -q*p + 79. What is the tens digit of (-20 + 1)*(-6 + p + -15)?
6
Suppose 4*m - 184 + 524 = 0. Let y = 85 + m. Suppose y = -5*f + 959 + 111. What is the tens digit of f?
1
Suppose -g - 4 = 0, 2*g = i + 4*g + 149. Let v = -118 - i. What is the units digit of 8/(-1 - 3) + v?
1
Let i(s) = 7*s**2 - 332*s + 18. What is the thousands digit of i(58)?
4
Let t = -11309 - -12172. What is the units digit of t?
3
Let b = -16378 - -32095. What is the ten thousands digit of b?
1
Suppose 5*t = -4*k + 147040, -3*k - 14*t = -11*t - 110280. What is the ten thousands digit of k?
3
What is the units digit of (19 + -313)/(17/(-1513))?
6
Let i(x) be the first derivative of 47*x**2/2 - 4*x + 85. Let r(b) = b**2 + 4*b - 19. Let c be r(-7). What is the tens digit of i(c)?
9
What is the units digit of 1/(-2)*(-62961 + 179)?
1
Suppose 5*a = 4*h - 21, 0 = 2*h + 3*a - a - 24. Suppose -30 = -h*b + 87. Suppose -438 = -b*f + 10*f. What is the tens digit of f?
4
Let g(x) = 32*x + 552. What is the hundreds digit of g(-4)?
4
Let d = -535 + 554. Suppose -3*a = 4*r - 11, 2*a - 4*a + 2*r = -12. Let t = a + d. What is the units digit of t?
4
Suppose -58 = 10*n - 368. Let c = 163 - n. Suppose 7*h - 11*h = -c. What is the tens digit of h?
3
Let v(x) = -x**3 + 107*x**2 - 107*x + 91. What is the ten thousands digit of v(101)?
5
Let y(s) = s**2 - 7*s - 5. Let d be y(8). Suppose 0 = -5*x + 15, 2*j - 5*j - d*x + 24 = 0. Suppose 0 = -j*c + 180 + 190. What is the units digit of c?
4
Let s = 46 - 41. Suppose -s*g + 4*q = -1518, 380 + 832 = 4*g - 2*q. What is the hundreds digit of g?
3
What is the units digit of (-10)/65 + (-48)/702 + (-265972)/(-18)?
6
Let u(h) be the second derivative of -h**5/20 - 7*h**4/12 + 3*h**3/2 - 10*h**2 + 2*h. Suppose 369*o + 234 = 343*o. What is the tens digit of u(o)?
6
Let u(d) = 125*d - 709. What is the thousands digit of u(32)?
3
Let d(b) = 496*b**2 - 1118*b - 7852. What is the ten thousands digit of d(-7)?
2
Let w(t) = -11*t - 13. Let f = -20 + 28. Let m = 5 - f. What is the tens digit of w(m)?
2
Suppose -13*o + 9*o + 5*z + 38060 = 0, 0 = 4*o + 3*z - 38092. What is the units digit of o?
0
Suppose -